{"id":5585,"date":"2021-03-24T15:34:05","date_gmt":"2021-03-24T14:34:05","guid":{"rendered":"https:\/\/www.ardpylab.fr\/?page_id=5585"},"modified":"2021-03-29T14:07:14","modified_gmt":"2021-03-29T12:07:14","slug":"le-panneau-des-circuits-electroniques","status":"publish","type":"page","link":"https:\/\/www.ardpylab.fr\/?page_id=5585","title":{"rendered":"Le panneau des circuits \u00e9lectroniques"},"content":{"rendered":"\n<p><br>Quand le panneau central montre les circuits \u00e9lectroniques associ\u00e9s au sketchs de la base de donn\u00e9es, en cliquant sur un de ces circuits, le sketch correspondant est s\u00e9lectionn\u00e9.<\/p>\n<p>La navigation dans les \u00e9tag\u00e8res de circuits se fait avec la barre de s\u00e9lection sous le panneau ou \u00e0 l\u2019aide de la molette de la souris quand celle-ci le survole)<\/p>\n\n\n\n<div class=\"wp-block-image\"><figure class=\"aligncenter size-large\"><img loading=\"lazy\" decoding=\"async\" width=\"1024\" height=\"922\" src=\"https:\/\/www.ardpylab.fr\/wp-content\/uploads\/2021\/03\/ArdPyLog52-1024x922.png\" alt=\"\" class=\"wp-image-5586\" srcset=\"https:\/\/www.ardpylab.fr\/wp-content\/uploads\/2021\/03\/ArdPyLog52-1024x922.png 1024w, https:\/\/www.ardpylab.fr\/wp-content\/uploads\/2021\/03\/ArdPyLog52-300x270.png 300w, https:\/\/www.ardpylab.fr\/wp-content\/uploads\/2021\/03\/ArdPyLog52-768x692.png 768w, https:\/\/www.ardpylab.fr\/wp-content\/uploads\/2021\/03\/ArdPyLog52.png 1106w\" sizes=\"auto, (max-width: 1024px) 100vw, 1024px\" \/><\/figure><\/div>\n\n\n\n<p><br>Un double clic sur les circuits affiche une nouvelle fen\u00eatre permettant de visualiser tous les d\u00e9tails du sketch s\u00e9lectionn\u00e9&nbsp;:<\/p>\n\n\n\n<div class=\"wp-block-image\"><figure class=\"aligncenter size-large is-resized\"><img loading=\"lazy\" decoding=\"async\" src=\"https:\/\/www.ardpylab.fr\/wp-content\/uploads\/2021\/03\/ArdPyLog53-1024x576.png\" alt=\"\" class=\"wp-image-5587\" width=\"1024\" height=\"576\" srcset=\"https:\/\/www.ardpylab.fr\/wp-content\/uploads\/2021\/03\/ArdPyLog53-1024x576.png 1024w, https:\/\/www.ardpylab.fr\/wp-content\/uploads\/2021\/03\/ArdPyLog53-300x169.png 300w, https:\/\/www.ardpylab.fr\/wp-content\/uploads\/2021\/03\/ArdPyLog53-768x432.png 768w, https:\/\/www.ardpylab.fr\/wp-content\/uploads\/2021\/03\/ArdPyLog53-1536x864.png 1536w, https:\/\/www.ardpylab.fr\/wp-content\/uploads\/2021\/03\/ArdPyLog53.png 1920w\" sizes=\"auto, (max-width: 1024px) 100vw, 1024px\" \/><\/figure><\/div>\n\n\n\n<p>. Le bouton <img loading=\"lazy\" decoding=\"async\" class=\"alignnone wp-image-5588\" src=\"https:\/\/www.ardpylab.fr\/wp-content\/uploads\/2021\/03\/ArdPyLog54.png\" alt=\"\" width=\"27\" height=\"30\">&nbsp;permet d\u2019afficher la fen\u00eatre de modification des d\u00e9tails du sketch (voir \u00ab<em><a href=\"https:\/\/www.ardpylab.fr\/?page_id=5551\/#anc3\"><strong>Modifier les donn\u00e9es d\u2019un sketch<\/strong><\/a>\u00bb<\/em> )<\/p>\n<p>. Le bouton <img loading=\"lazy\" decoding=\"async\" class=\"alignnone wp-image-5589\" src=\"https:\/\/www.ardpylab.fr\/wp-content\/uploads\/2021\/03\/ArdPyLog55.png\" alt=\"\" width=\"27\" height=\"30\"> permet de retourner au panneau des circuits \u00e9lectroniques.&nbsp;<\/p>\n\n\n\n<p><br>Un clic droit sur un circuit affiche un nouveau menu permettant d\u2019acc\u00e9der rapidement \u00e0 4 actions&nbsp;:<\/p>\n\n\n\n<div class=\"wp-block-image\"><figure class=\"aligncenter size-large\"><img loading=\"lazy\" decoding=\"async\" width=\"534\" height=\"324\" src=\"https:\/\/www.ardpylab.fr\/wp-content\/uploads\/2021\/03\/ArdPyLog56.png\" alt=\"\" class=\"wp-image-5591\" srcset=\"https:\/\/www.ardpylab.fr\/wp-content\/uploads\/2021\/03\/ArdPyLog56.png 534w, https:\/\/www.ardpylab.fr\/wp-content\/uploads\/2021\/03\/ArdPyLog56-300x182.png 300w\" sizes=\"auto, (max-width: 534px) 100vw, 534px\" \/><\/figure><\/div>\n\n\n\n<p><strong><br \/>&#8211; Afficher les donn\u00e9es\u00a0: <\/strong>Affiche une nouvelle fen\u00eatre permettant de visualiser tous les d\u00e9tails du sketch s\u00e9lectionn\u00e9<strong>,<\/strong><\/p>\n<p><strong>&#8211; Modifier les donn\u00e9es\u00a0: <\/strong>Affiche la fen\u00eatre de modification des d\u00e9tails du sketch (voir \u00ab<em><a href=\"https:\/\/www.ardpylab.fr\/?page_id=5551\/#anc3\"><strong>Modifier les donn\u00e9es d\u2019un sketch<\/strong><\/a>\u00bb<\/em>),<\/p>\n<p><strong>&#8211; Voir le code\u00a0: <\/strong>Affiche <a href=\"https:\/\/www.ardpylab.fr\/?page_id=5657\">la fen\u00eatre de gestion du code en langage Arduino<\/a>,<\/p>\n<p><strong>&#8211; T\u00e9l\u00e9verser le code\u00a0: <\/strong>T\u00e9l\u00e9verse le code du sketch s\u00e9lectionn\u00e9 dans la m\u00e9moire de l\u2019Arduino Uno.<\/p>\n<p>\u00a0<\/p>\n\n\n<div  class=\"grids-section grids-is-stretch\" style=\"--_gs-gap-desktop:0px 0px;--_gs-m-desktop:0 0 0 0;--_gs-p-desktop:0 0 0 0;--_gs-bg-desktop:transparent none;--_gs-bg-xp-desktop:0px;--_gs-zi-desktop:auto;--_gs-d-desktop:block;--_gs-mw-desktop:calc(100% - 0 - 0);--_gs-gap-tablet:0px 0px;--_gs-m-tablet:0 0 0 0;--_gs-p-tablet:0 0 0 0;--_gs-bg-tablet:transparent none;--_gs-bg-xp-tablet:0px;--_gs-zi-tablet:auto;--_gs-d-tablet:block;--_gs-mw-tablet:calc(100% - 0 - 0);--_gs-gap-mobile:0px 0px;--_gs-m-mobile:0 0 0 0;--_gs-p-mobile:0 0 0 0;--_gs-bg-mobile:transparent none;--_gs-bg-xp-mobile:0px;--_gs-zi-mobile:auto;--_gs-d-mobile:block;--_gs-mw-mobile:calc(100% - 0 - 0);--_gs-columns:2;--_gs-rows:1\"><div class=\"grids-s-w_i\">\n<div class=\"grids-area\" style=\"--_ga-column:1\/2;--_ga-row:1\/2;--_ga-m-desktop:0 0 0 0;--_ga-p-desktop:0 0 0 0;--_ga-bg-desktop:transparent none;--_ga-zi-desktop:auto;--_ga-d-desktop:flex;--_ga-mw-desktop:calc(100% - 0 - 0);--_ga-m-tablet:0 0 0 0;--_ga-p-tablet:0 0 0 0;--_ga-bg-tablet:transparent none;--_ga-zi-tablet:auto;--_ga-d-tablet:flex;--_ga-mw-tablet:calc(100% - 0 - 0);--_ga-m-mobile:0 0 0 0;--_ga-p-mobile:0 0 0 0;--_ga-bg-mobile:transparent none;--_ga-zi-mobile:auto;--_ga-d-mobile:flex;--_ga-mw-mobile:calc(100% - 0 - 0)\">\n\n<figure class=\"wp-block-image size-large\"><a href=\"https:\/\/www.ardpylab.fr\/?page_id=5556\"><img loading=\"lazy\" decoding=\"async\" width=\"50\" height=\"28\" src=\"https:\/\/www.ardpylab.fr\/wp-content\/uploads\/2020\/03\/moins.jpg\" alt=\"\" class=\"wp-image-107\"\/><\/a><\/figure>\n\n<\/div>\n\n<div class=\"grids-area\" style=\"--_ga-column:2\/3;--_ga-row:1\/2;--_ga-m-desktop:0 0 0 0;--_ga-p-desktop:0 0 0 0;--_ga-bg-desktop:transparent none;--_ga-zi-desktop:auto;--_ga-d-desktop:flex;--_ga-mw-desktop:calc(100% - 0 - 0);--_ga-m-tablet:0 0 0 0;--_ga-p-tablet:0 0 0 0;--_ga-bg-tablet:transparent none;--_ga-zi-tablet:auto;--_ga-d-tablet:flex;--_ga-mw-tablet:calc(100% - 0 - 0);--_ga-m-mobile:0 0 0 0;--_ga-p-mobile:0 0 0 0;--_ga-bg-mobile:transparent none;--_ga-zi-mobile:auto;--_ga-d-mobile:flex;--_ga-mw-mobile:calc(100% - 0 - 0)\">\n\n<div class=\"wp-block-image\"><figure class=\"alignright size-large\"><a href=\"https:\/\/www.ardpylab.fr\/?page_id=5598\"><img loading=\"lazy\" decoding=\"async\" width=\"50\" height=\"28\" src=\"https:\/\/www.ardpylab.fr\/wp-content\/uploads\/2020\/03\/plus.jpg\" alt=\"\" class=\"wp-image-106\"\/><\/a><\/figure><\/div>\n\n<\/div>\n<\/div><\/div>","protected":false},"excerpt":{"rendered":"<p>Quand le panneau central montre les circuits \u00e9lectroniques associ\u00e9s au sketchs de la base de donn\u00e9es, en cliquant sur un de ces circuits, le sketch correspondant est s\u00e9lectionn\u00e9. La navigation dans les \u00e9tag\u00e8res de circuits se fait avec la barre de s\u00e9lection sous le panneau ou \u00e0 l\u2019aide de la molette de la souris quand [&hellip;]<\/p>\n","protected":false},"author":1,"featured_media":0,"parent":0,"menu_order":0,"comment_status":"closed","ping_status":"closed","template":"","meta":{"footnotes":""},"class_list":["post-5585","page","type-page","status-publish","hentry"],"_links":{"self":[{"href":"https:\/\/www.ardpylab.fr\/index.php?rest_route=\/wp\/v2\/pages\/5585","targetHints":{"allow":["GET"]}}],"collection":[{"href":"https:\/\/www.ardpylab.fr\/index.php?rest_route=\/wp\/v2\/pages"}],"about":[{"href":"https:\/\/www.ardpylab.fr\/index.php?rest_route=\/wp\/v2\/types\/page"}],"author":[{"embeddable":true,"href":"https:\/\/www.ardpylab.fr\/index.php?rest_route=\/wp\/v2\/users\/1"}],"replies":[{"embeddable":true,"href":"https:\/\/www.ardpylab.fr\/index.php?rest_route=%2Fwp%2Fv2%2Fcomments&post=5585"}],"version-history":[{"count":8,"href":"https:\/\/www.ardpylab.fr\/index.php?rest_route=\/wp\/v2\/pages\/5585\/revisions"}],"predecessor-version":[{"id":5917,"href":"https:\/\/www.ardpylab.fr\/index.php?rest_route=\/wp\/v2\/pages\/5585\/revisions\/5917"}],"wp:attachment":[{"href":"https:\/\/www.ardpylab.fr\/index.php?rest_route=%2Fwp%2Fv2%2Fmedia&parent=5585"}],"curies":[{"name":"wp","href":"https:\/\/api.w.org\/{rel}","templated":true}]}}