{"id":5809,"date":"2021-03-25T16:04:13","date_gmt":"2021-03-25T15:04:13","guid":{"rendered":"https:\/\/www.ardpylab.fr\/?page_id=5809"},"modified":"2021-03-26T10:21:16","modified_gmt":"2021-03-26T09:21:16","slug":"le-mode-acquisition","status":"publish","type":"page","link":"https:\/\/www.ardpylab.fr\/?page_id=5809","title":{"rendered":"Le mode \u00ab Acquisition \u00bb"},"content":{"rendered":"\n<p>&nbsp;<\/p>\n<p>Le mode \u00ab&nbsp;Acquisition&nbsp;\u00bb d\u2019ArdPylog transforme l\u2019Arduino Uno en centrale d\u2019acquisition gr\u00e2ce \u00e0 l\u2019utilisation de ses entr\u00e9es analogiques. Les tensions mesur\u00e9es sur les entr\u00e9es analogiques s\u00e9lectionn\u00e9es sont acquises pendant la dur\u00e9e et le taux d\u2019\u00e9chantillonnage d\u00e9finis par l\u2019utilisateur.<\/p>\n<p><br>Le mode \u00ab Acquisition \u00bb est accessible en cliquant sur <img loading=\"lazy\" decoding=\"async\" class=\"alignnone wp-image-5810\" src=\"https:\/\/www.ardpylab.fr\/wp-content\/uploads\/2021\/03\/ArdPyLog126.png\" alt=\"\" width=\"26\" height=\"30\"> dans la barre de menu principale :<\/p>\n\n\n\n<div class=\"wp-block-image\"><figure class=\"aligncenter size-large\"><img loading=\"lazy\" decoding=\"async\" width=\"367\" height=\"83\" src=\"https:\/\/www.ardpylab.fr\/wp-content\/uploads\/2021\/03\/ArdPyLog78.png\" alt=\"\" class=\"wp-image-5689\" srcset=\"https:\/\/www.ardpylab.fr\/wp-content\/uploads\/2021\/03\/ArdPyLog78.png 367w, https:\/\/www.ardpylab.fr\/wp-content\/uploads\/2021\/03\/ArdPyLog78-300x68.png 300w\" sizes=\"auto, (max-width: 367px) 100vw, 367px\" \/><\/figure><\/div>\n\n\n\n<p>&nbsp; &nbsp;<\/p>\n\n\n\n<figure class=\"wp-block-image size-large\"><img loading=\"lazy\" decoding=\"async\" width=\"1024\" height=\"576\" src=\"https:\/\/www.ardpylab.fr\/wp-content\/uploads\/2021\/03\/ArdPyLog127-1024x576.png\" alt=\"\" class=\"wp-image-5811\" srcset=\"https:\/\/www.ardpylab.fr\/wp-content\/uploads\/2021\/03\/ArdPyLog127-1024x576.png 1024w, https:\/\/www.ardpylab.fr\/wp-content\/uploads\/2021\/03\/ArdPyLog127-300x169.png 300w, https:\/\/www.ardpylab.fr\/wp-content\/uploads\/2021\/03\/ArdPyLog127-768x432.png 768w, https:\/\/www.ardpylab.fr\/wp-content\/uploads\/2021\/03\/ArdPyLog127-1536x864.png 1536w, https:\/\/www.ardpylab.fr\/wp-content\/uploads\/2021\/03\/ArdPyLog127.png 1920w\" sizes=\"auto, (max-width: 1024px) 100vw, 1024px\" \/><\/figure>\n\n\n\n<h6 style=\"text-align: center;\"><strong><em>Fen\u00eatre Mode \u00ab&nbsp;Acquisition&nbsp;\u00bb<\/em><\/strong><\/h6>\n\n\n\n<p>\u00a0<\/p>\n<h4><strong>1. <\/strong><a href=\"https:\/\/www.ardpylab.fr\/?page_id=5819\"><strong><u>D\u00e9finition ou modification des param\u00e8tres de l\u2019acquisition<\/u><\/strong><\/a><br \/><br \/><\/h4>\n<h4><strong>2. <\/strong><strong><u><a href=\"https:\/\/www.ardpylab.fr\/?page_id=5834\">Acquisition des donn\u00e9es<\/a><br \/><br \/><\/u><\/strong><\/h4>\n<h4><strong>3. <\/strong><a href=\"https:\/\/www.ardpylab.fr\/?page_id=5846\"><strong><u>Enregistrement et exploitation des mesures<\/u><\/strong><\/a><\/h4>\n<h4><br \/><strong>4. <a href=\"https:\/\/www.ardpylab.fr\/?page_id=5855\"><u>Exemples d\u2019acquisition (charge et d\u00e9charge du condensateur d\u2019un dip\u00f4le RC)<\/u><\/a><\/strong><\/h4>\n<p style=\"padding-left: 40px;\">4.1 <a href=\"https:\/\/www.ardpylab.fr\/?page_id=5855\/#anc1\"><u>Charge du condensateur<\/u><\/a><br \/>4.2 <a href=\"https:\/\/www.ardpylab.fr\/?page_id=5855\/#anc2\"><u>D\u00e9charge du condensateur<\/u><\/a><\/p>\n<p>\u00a0<\/p>\n\n\n<div  class=\"grids-section grids-is-advanced\" style=\"--_gs-gap-desktop:0px 0px;--_gs-m-desktop:0 0 0 0;--_gs-p-desktop:0 0 0 0;--_gs-bg-desktop:transparent none;--_gs-bg-xp-desktop:0px;--_gs-zi-desktop:auto;--_gs-d-desktop:block;--_gs-mw-desktop:calc(100% - 0 - 0);--_gs-gap-tablet:0px 0px;--_gs-m-tablet:0 0 0 0;--_gs-p-tablet:0 0 0 0;--_gs-bg-tablet:transparent none;--_gs-bg-xp-tablet:0px;--_gs-zi-tablet:auto;--_gs-d-tablet:block;--_gs-mw-tablet:calc(100% - 0 - 0);--_gs-gap-mobile:0px 0px;--_gs-m-mobile:0 0 0 0;--_gs-p-mobile:0 0 0 0;--_gs-bg-mobile:transparent none;--_gs-bg-xp-mobile:0px;--_gs-zi-mobile:auto;--_gs-d-mobile:block;--_gs-mw-mobile:calc(100% - 0 - 0);--_gs-columns:12;--_gs-rows:6\"><div class=\"grids-s-w_i\">\n<div class=\"grids-area\" style=\"--_ga-column:1\/2;--_ga-row:1\/2;--_ga-m-desktop:0 0 0 0;--_ga-p-desktop:0 0 0 0;--_ga-bg-desktop:transparent none;--_ga-zi-desktop:auto;--_ga-d-desktop:flex;--_ga-mw-desktop:calc(100% - 0 - 0);--_ga-m-tablet:0 0 0 0;--_ga-p-tablet:0 0 0 0;--_ga-bg-tablet:transparent none;--_ga-zi-tablet:auto;--_ga-d-tablet:flex;--_ga-mw-tablet:calc(100% - 0 - 0);--_ga-m-mobile:0 0 0 0;--_ga-p-mobile:0 0 0 0;--_ga-bg-mobile:transparent none;--_ga-zi-mobile:auto;--_ga-d-mobile:flex;--_ga-mw-mobile:calc(100% - 0 - 0)\">\n\n<figure class=\"wp-block-image size-large\"><a href=\"https:\/\/www.ardpylab.fr\/?page_id=5755\"><img loading=\"lazy\" decoding=\"async\" width=\"50\" height=\"28\" src=\"https:\/\/www.ardpylab.fr\/wp-content\/uploads\/2020\/03\/moins.jpg\" alt=\"\" class=\"wp-image-107\"\/><\/a><\/figure>\n\n<\/div>\n\n<div class=\"grids-area\" style=\"--_ga-column:12\/13;--_ga-row:1\/2;--_ga-m-desktop:0 0 0 0;--_ga-p-desktop:0 0 0 0;--_ga-bg-desktop:transparent none;--_ga-zi-desktop:auto;--_ga-d-desktop:flex;--_ga-mw-desktop:calc(100% - 0 - 0);--_ga-m-tablet:0 0 0 0;--_ga-p-tablet:0 0 0 0;--_ga-bg-tablet:transparent none;--_ga-zi-tablet:auto;--_ga-d-tablet:flex;--_ga-mw-tablet:calc(100% - 0 - 0);--_ga-m-mobile:0 0 0 0;--_ga-p-mobile:0 0 0 0;--_ga-bg-mobile:transparent none;--_ga-zi-mobile:auto;--_ga-d-mobile:flex;--_ga-mw-mobile:calc(100% - 0 - 0)\">\n\n<figure class=\"wp-block-image size-large\"><a href=\"https:\/\/www.ardpylab.fr\/?page_id=5819\"><img loading=\"lazy\" decoding=\"async\" width=\"50\" height=\"28\" src=\"https:\/\/www.ardpylab.fr\/wp-content\/uploads\/2020\/03\/plus.jpg\" alt=\"\" class=\"wp-image-106\"\/><\/a><\/figure>\n\n<\/div>\n<\/div><\/div>","protected":false},"excerpt":{"rendered":"<p>&nbsp; Le mode \u00ab&nbsp;Acquisition&nbsp;\u00bb d\u2019ArdPylog transforme l\u2019Arduino Uno en centrale d\u2019acquisition gr\u00e2ce \u00e0 l\u2019utilisation de ses entr\u00e9es analogiques. Les tensions mesur\u00e9es sur les entr\u00e9es analogiques s\u00e9lectionn\u00e9es sont acquises pendant la dur\u00e9e et le taux d\u2019\u00e9chantillonnage d\u00e9finis par l\u2019utilisateur. Le mode \u00ab Acquisition \u00bb est accessible en cliquant sur dans la barre de menu principale : [&hellip;]<\/p>\n","protected":false},"author":1,"featured_media":0,"parent":0,"menu_order":0,"comment_status":"closed","ping_status":"closed","template":"","meta":{"footnotes":""},"class_list":["post-5809","page","type-page","status-publish","hentry"],"_links":{"self":[{"href":"https:\/\/www.ardpylab.fr\/index.php?rest_route=\/wp\/v2\/pages\/5809","targetHints":{"allow":["GET"]}}],"collection":[{"href":"https:\/\/www.ardpylab.fr\/index.php?rest_route=\/wp\/v2\/pages"}],"about":[{"href":"https:\/\/www.ardpylab.fr\/index.php?rest_route=\/wp\/v2\/types\/page"}],"author":[{"embeddable":true,"href":"https:\/\/www.ardpylab.fr\/index.php?rest_route=\/wp\/v2\/users\/1"}],"replies":[{"embeddable":true,"href":"https:\/\/www.ardpylab.fr\/index.php?rest_route=%2Fwp%2Fv2%2Fcomments&post=5809"}],"version-history":[{"count":9,"href":"https:\/\/www.ardpylab.fr\/index.php?rest_route=\/wp\/v2\/pages\/5809\/revisions"}],"predecessor-version":[{"id":5886,"href":"https:\/\/www.ardpylab.fr\/index.php?rest_route=\/wp\/v2\/pages\/5809\/revisions\/5886"}],"wp:attachment":[{"href":"https:\/\/www.ardpylab.fr\/index.php?rest_route=%2Fwp%2Fv2%2Fmedia&parent=5809"}],"curies":[{"name":"wp","href":"https:\/\/api.w.org\/{rel}","templated":true}]}}