{"id":6031,"date":"2021-03-29T17:33:03","date_gmt":"2021-03-29T15:33:03","guid":{"rendered":"https:\/\/www.ardpylab.fr\/?page_id=6031"},"modified":"2021-04-07T10:33:08","modified_gmt":"2021-04-07T08:33:08","slug":"categorie-divers","status":"publish","type":"page","link":"https:\/\/www.ardpylab.fr\/?page_id=6031","title":{"rendered":"Cat\u00e9gorie \u00ab Divers \u00bb"},"content":{"rendered":"\n<div class=\"wp-block-image\"><figure class=\"aligncenter size-large\"><img loading=\"lazy\" decoding=\"async\" width=\"333\" height=\"318\" src=\"https:\/\/www.ardpylab.fr\/wp-content\/uploads\/2021\/03\/ListeSketch04.png\" alt=\"\" class=\"wp-image-6032\" srcset=\"https:\/\/www.ardpylab.fr\/wp-content\/uploads\/2021\/03\/ListeSketch04.png 333w, https:\/\/www.ardpylab.fr\/wp-content\/uploads\/2021\/03\/ListeSketch04-300x286.png 300w\" sizes=\"auto, (max-width: 333px) 100vw, 333px\" \/><\/figure><\/div>\n\n\n\n<p>\u00a0<\/p>\n<h4>1. <a href=\"https:\/\/www.ardpylab.fr\/downloads\/ardpylog\/InitArduino.zip\"><span style=\"text-decoration: underline;\"><strong>Init_Arduino<\/strong><\/span><\/a><\/h4>\n\n\n\n<div class=\"wp-block-image\"><figure class=\"aligncenter size-large is-resized\"><img loading=\"lazy\" decoding=\"async\" src=\"https:\/\/www.ardpylab.fr\/wp-content\/uploads\/2021\/03\/Init_Arduino.jpg\" alt=\"\" class=\"wp-image-6033\" width=\"468\" height=\"283\" srcset=\"https:\/\/www.ardpylab.fr\/wp-content\/uploads\/2021\/03\/Init_Arduino.jpg 935w, https:\/\/www.ardpylab.fr\/wp-content\/uploads\/2021\/03\/Init_Arduino-300x181.jpg 300w, https:\/\/www.ardpylab.fr\/wp-content\/uploads\/2021\/03\/Init_Arduino-768x464.jpg 768w\" sizes=\"auto, (max-width: 468px) 100vw, 468px\" \/><\/figure><\/div>\n\n\n\n<p>Une fois un programme t\u00e9l\u00e9vers\u00e9, celui-ci est conserv\u00e9 dans la m\u00e9moire de l\u2019Arduino. Et d\u00e8s que la carte Arduino est aliment\u00e9e, celle-ci ex\u00e9cute le programme qui est stock\u00e9 dans sa m\u00e9moire.<\/p>\n<p>Donc, lorsque l\u2019Arduino est branch\u00e9 \u00e0 l\u2019ordinateur, le dernier programme re\u00e7u est ex\u00e9cut\u00e9. Et avant de commencer un nouveau montage, il est plus que conseill\u00e9 de t\u00e9l\u00e9verser un programme d\u2019initialisation sans instructions, du mod\u00e8le de celui-ci :<\/p>\n<table style=\"border-collapse: collapse; width: 100%;\">\n<tbody>\n<tr>\n<td style=\"width: 100%; padding-left: 40px;\">\n<p>void setup() {<br \/><br \/>}<\/p>\n<p>void loop() {<br \/><br \/>}<\/p>\n<\/td>\n<\/tr>\n<\/tbody>\n<\/table>\n<p>\u00a0<\/p>\n\n\n<div  class=\"grids-section grids-is-advanced\" style=\"--_gs-gap-desktop:0px 0px;--_gs-m-desktop:0 0 0 0;--_gs-p-desktop:0 0 0 0;--_gs-bg-desktop:transparent none;--_gs-bg-xp-desktop:0px;--_gs-zi-desktop:auto;--_gs-d-desktop:block;--_gs-mw-desktop:calc(100% - 0 - 0);--_gs-gap-tablet:0px 0px;--_gs-m-tablet:0 0 0 0;--_gs-p-tablet:0 0 0 0;--_gs-bg-tablet:transparent none;--_gs-bg-xp-tablet:0px;--_gs-zi-tablet:auto;--_gs-d-tablet:block;--_gs-mw-tablet:calc(100% - 0 - 0);--_gs-gap-mobile:0px 0px;--_gs-m-mobile:0 0 0 0;--_gs-p-mobile:0 0 0 0;--_gs-bg-mobile:transparent none;--_gs-bg-xp-mobile:0px;--_gs-zi-mobile:auto;--_gs-d-mobile:block;--_gs-mw-mobile:calc(100% - 0 - 0);--_gs-columns:12;--_gs-rows:6\"><div class=\"grids-s-w_i\">\n<div class=\"grids-area\" style=\"--_ga-column:1\/2;--_ga-row:1\/2;--_ga-m-desktop:0 0 0 0;--_ga-p-desktop:0 0 0 0;--_ga-bg-desktop:transparent none;--_ga-zi-desktop:auto;--_ga-d-desktop:flex;--_ga-mw-desktop:calc(100% - 0 - 0);--_ga-m-tablet:0 0 0 0;--_ga-p-tablet:0 0 0 0;--_ga-bg-tablet:transparent none;--_ga-zi-tablet:auto;--_ga-d-tablet:flex;--_ga-mw-tablet:calc(100% - 0 - 0);--_ga-m-mobile:0 0 0 0;--_ga-p-mobile:0 0 0 0;--_ga-bg-mobile:transparent none;--_ga-zi-mobile:auto;--_ga-d-mobile:flex;--_ga-mw-mobile:calc(100% - 0 - 0)\">\n\n<figure class=\"wp-block-image size-large\"><a href=\"https:\/\/www.ardpylab.fr\/?page_id=6012\"><img loading=\"lazy\" decoding=\"async\" width=\"50\" height=\"28\" src=\"https:\/\/www.ardpylab.fr\/wp-content\/uploads\/2020\/03\/moins.jpg\" alt=\"\" class=\"wp-image-107\"\/><\/a><\/figure>\n\n<\/div>\n\n<div class=\"grids-area\" style=\"--_ga-column:12\/13;--_ga-row:1\/2;--_ga-m-desktop:0 0 0 0;--_ga-p-desktop:0 0 0 0;--_ga-bg-desktop:transparent none;--_ga-zi-desktop:auto;--_ga-d-desktop:flex;--_ga-mw-desktop:calc(100% - 0 - 0);--_ga-m-tablet:0 0 0 0;--_ga-p-tablet:0 0 0 0;--_ga-bg-tablet:transparent none;--_ga-zi-tablet:auto;--_ga-d-tablet:flex;--_ga-mw-tablet:calc(100% - 0 - 0);--_ga-m-mobile:0 0 0 0;--_ga-p-mobile:0 0 0 0;--_ga-bg-mobile:transparent none;--_ga-zi-mobile:auto;--_ga-d-mobile:flex;--_ga-mw-mobile:calc(100% - 0 - 0)\">\n\n<figure class=\"wp-block-image size-large\"><a href=\"https:\/\/www.ardpylab.fr\/?page_id=6058\"><img loading=\"lazy\" decoding=\"async\" width=\"50\" height=\"28\" src=\"https:\/\/www.ardpylab.fr\/wp-content\/uploads\/2020\/03\/plus.jpg\" alt=\"\" class=\"wp-image-106\"\/><\/a><\/figure>\n\n<\/div>\n<\/div><\/div>","protected":false},"excerpt":{"rendered":"<p>\u00a0 1. Init_Arduino Une fois un programme t\u00e9l\u00e9vers\u00e9, celui-ci est conserv\u00e9 dans la m\u00e9moire de l\u2019Arduino. Et d\u00e8s que la carte Arduino est aliment\u00e9e, celle-ci ex\u00e9cute le programme qui est stock\u00e9 dans sa m\u00e9moire. Donc, lorsque l\u2019Arduino est branch\u00e9 \u00e0 l\u2019ordinateur, le dernier programme re\u00e7u est ex\u00e9cut\u00e9. Et avant de commencer un nouveau montage, il [&hellip;]<\/p>\n","protected":false},"author":1,"featured_media":0,"parent":0,"menu_order":0,"comment_status":"closed","ping_status":"closed","template":"","meta":{"footnotes":""},"class_list":["post-6031","page","type-page","status-publish","hentry"],"_links":{"self":[{"href":"https:\/\/www.ardpylab.fr\/index.php?rest_route=\/wp\/v2\/pages\/6031","targetHints":{"allow":["GET"]}}],"collection":[{"href":"https:\/\/www.ardpylab.fr\/index.php?rest_route=\/wp\/v2\/pages"}],"about":[{"href":"https:\/\/www.ardpylab.fr\/index.php?rest_route=\/wp\/v2\/types\/page"}],"author":[{"embeddable":true,"href":"https:\/\/www.ardpylab.fr\/index.php?rest_route=\/wp\/v2\/users\/1"}],"replies":[{"embeddable":true,"href":"https:\/\/www.ardpylab.fr\/index.php?rest_route=%2Fwp%2Fv2%2Fcomments&post=6031"}],"version-history":[{"count":6,"href":"https:\/\/www.ardpylab.fr\/index.php?rest_route=\/wp\/v2\/pages\/6031\/revisions"}],"predecessor-version":[{"id":6281,"href":"https:\/\/www.ardpylab.fr\/index.php?rest_route=\/wp\/v2\/pages\/6031\/revisions\/6281"}],"wp:attachment":[{"href":"https:\/\/www.ardpylab.fr\/index.php?rest_route=%2Fwp%2Fv2%2Fmedia&parent=6031"}],"curies":[{"name":"wp","href":"https:\/\/api.w.org\/{rel}","templated":true}]}}