{"id":7084,"date":"2023-10-03T17:18:16","date_gmt":"2023-10-03T15:18:16","guid":{"rendered":"https:\/\/www.ardpylab.fr\/?page_id=7084"},"modified":"2023-10-10T13:30:00","modified_gmt":"2023-10-10T11:30:00","slug":"gestion-de-la-documentation-de-chimie","status":"publish","type":"page","link":"https:\/\/www.ardpylab.fr\/?page_id=7084","title":{"rendered":"Gestion de la documentation de chimie"},"content":{"rendered":"\n<p>&nbsp;<\/p>\n<p>La liste des documents de chimie enregistr\u00e9s dans la base de donn\u00e9e du laboratoire de chimie est affich\u00e9e en cliquant sur le bouton <img loading=\"lazy\" decoding=\"async\" class=\"alignnone  wp-image-7095\" src=\"https:\/\/www.ardpylab.fr\/wp-content\/uploads\/2023\/10\/2GestLab_131.png\" alt=\"\" width=\"30\" height=\"33\">&nbsp;de la barre de menu principale de la section \u00ab&nbsp;<strong>chimie<\/strong>&nbsp;\u00bb&nbsp;:<\/p>\n\n\n\n<figure class=\"wp-block-image size-large\"><img loading=\"lazy\" decoding=\"async\" width=\"1024\" height=\"576\" src=\"https:\/\/www.ardpylab.fr\/wp-content\/uploads\/2023\/10\/2GestLab_132-1024x576.png\" alt=\"\" class=\"wp-image-7094\" srcset=\"https:\/\/www.ardpylab.fr\/wp-content\/uploads\/2023\/10\/2GestLab_132-1024x576.png 1024w, https:\/\/www.ardpylab.fr\/wp-content\/uploads\/2023\/10\/2GestLab_132-300x169.png 300w, https:\/\/www.ardpylab.fr\/wp-content\/uploads\/2023\/10\/2GestLab_132-768x432.png 768w, https:\/\/www.ardpylab.fr\/wp-content\/uploads\/2023\/10\/2GestLab_132-1536x864.png 1536w, https:\/\/www.ardpylab.fr\/wp-content\/uploads\/2023\/10\/2GestLab_132.png 1920w\" sizes=\"auto, (max-width: 1024px) 100vw, 1024px\" \/><\/figure>\n\n\n\n<p style=\"text-align: center;\">Fen\u00eatre de gestion des documents de chimie<\/p>\n<p>&nbsp;<\/p>\n<p>La s\u00e9lection d\u2019un document se fait par un clic sur son nom dans la liste affich\u00e9e, mais \u00e9galement par la fonction \u00ab&nbsp;<strong>rechercher<\/strong>&nbsp;\u00bb ou la fonction \u00ab&nbsp;<strong>tri par cat\u00e9gorie<\/strong>&nbsp;\u00bb.&nbsp;<\/p>\n<p>A chaque document est associ\u00e9 un r\u00e9sum\u00e9, une cat\u00e9gorie et des mots cl\u00e9s.&nbsp;<\/p>\n<p>La fen\u00eatre d\u2019ajout ou de modification des documents de chimie s\u2019affiche&nbsp;en cliquant sur le bouton correspondant ( <img loading=\"lazy\" decoding=\"async\" class=\"alignnone size-full wp-image-6935\" src=\"https:\/\/www.ardpylab.fr\/wp-content\/uploads\/2023\/10\/GestLab_49.png\" alt=\"\" width=\"32\" height=\"34\">&nbsp;ou <img loading=\"lazy\" decoding=\"async\" class=\"alignnone size-full wp-image-6936\" src=\"https:\/\/www.ardpylab.fr\/wp-content\/uploads\/2023\/10\/GestLab_50.png\" alt=\"\" width=\"32\" height=\"35\">&nbsp;)&nbsp;:<\/p>\n\n\n\n<figure class=\"wp-block-image size-large\"><img loading=\"lazy\" decoding=\"async\" width=\"1024\" height=\"576\" src=\"https:\/\/www.ardpylab.fr\/wp-content\/uploads\/2023\/10\/2GestLab_133-1024x576.png\" alt=\"\" class=\"wp-image-7096\" srcset=\"https:\/\/www.ardpylab.fr\/wp-content\/uploads\/2023\/10\/2GestLab_133-1024x576.png 1024w, https:\/\/www.ardpylab.fr\/wp-content\/uploads\/2023\/10\/2GestLab_133-300x169.png 300w, https:\/\/www.ardpylab.fr\/wp-content\/uploads\/2023\/10\/2GestLab_133-768x432.png 768w, https:\/\/www.ardpylab.fr\/wp-content\/uploads\/2023\/10\/2GestLab_133-1536x864.png 1536w, https:\/\/www.ardpylab.fr\/wp-content\/uploads\/2023\/10\/2GestLab_133.png 1920w\" sizes=\"auto, (max-width: 1024px) 100vw, 1024px\" \/><\/figure>\n\n\n\n<p>&nbsp;<\/p>\n<p>L\u2019ajout d\u2019un document sous la forme d\u2019un fichier \u00ab&nbsp;PDF&nbsp;\u00bb peut \u00eatre r\u00e9alis\u00e9 soit en cliquant sur <img loading=\"lazy\" decoding=\"async\" class=\"alignnone  wp-image-7097\" src=\"https:\/\/www.ardpylab.fr\/wp-content\/uploads\/2023\/10\/GestLab_84-1.png\" alt=\"\" width=\"27\" height=\"36\">, soit en cliquant sur <img loading=\"lazy\" decoding=\"async\" class=\"alignnone  wp-image-7098\" src=\"https:\/\/www.ardpylab.fr\/wp-content\/uploads\/2023\/10\/2GestLab_134-150x150.png\" alt=\"\" width=\"33\" height=\"33\">. Le document est alors affich\u00e9&nbsp;:<\/p>\n\n\n\n<figure class=\"wp-block-image size-large\"><img loading=\"lazy\" decoding=\"async\" width=\"1024\" height=\"576\" src=\"https:\/\/www.ardpylab.fr\/wp-content\/uploads\/2023\/10\/2GestLab_135-1024x576.png\" alt=\"\" class=\"wp-image-7099\" srcset=\"https:\/\/www.ardpylab.fr\/wp-content\/uploads\/2023\/10\/2GestLab_135-1024x576.png 1024w, https:\/\/www.ardpylab.fr\/wp-content\/uploads\/2023\/10\/2GestLab_135-300x169.png 300w, https:\/\/www.ardpylab.fr\/wp-content\/uploads\/2023\/10\/2GestLab_135-768x432.png 768w, https:\/\/www.ardpylab.fr\/wp-content\/uploads\/2023\/10\/2GestLab_135-1536x864.png 1536w, https:\/\/www.ardpylab.fr\/wp-content\/uploads\/2023\/10\/2GestLab_135.png 1920w\" sizes=\"auto, (max-width: 1024px) 100vw, 1024px\" \/><\/figure>\n\n\n\n<p>\u00a0<\/p>\n<p>Celui-ci est supprim\u00e9 en cliquant sur <img loading=\"lazy\" decoding=\"async\" class=\"alignnone size-full wp-image-7100\" src=\"https:\/\/www.ardpylab.fr\/wp-content\/uploads\/2023\/10\/2GestLab_136.png\" alt=\"\" width=\"30\" height=\"39\" \/>.\u00a0<\/p>\n<p>Vous pourrez ensuite renseigner toutes les informations concernant le document avant de valider l\u2019ajout ou les modifications.<\/p>\n<p>\u00a0<\/p>\n<p>Vous trouverez sur la page suivante quelques documents de chimie class\u00e9s par cat\u00e9gorie.<\/p>\n<p>\u00a0<\/p>\n<p>\u00a0<\/p>\n\n\n<div  class=\"grids-section grids-is-stretch\" style=\"--_gs-gap-desktop:0px 0px;--_gs-m-desktop:0 0 0 0;--_gs-p-desktop:0 0 0 0;--_gs-bg-desktop:transparent none;--_gs-bg-xp-desktop:0px;--_gs-zi-desktop:auto;--_gs-d-desktop:block;--_gs-mw-desktop:calc(100% - 0 - 0);--_gs-gap-tablet:0px 0px;--_gs-m-tablet:0 0 0 0;--_gs-p-tablet:0 0 0 0;--_gs-bg-tablet:transparent none;--_gs-bg-xp-tablet:0px;--_gs-zi-tablet:auto;--_gs-d-tablet:block;--_gs-mw-tablet:calc(100% - 0 - 0);--_gs-gap-mobile:0px 0px;--_gs-m-mobile:0 0 0 0;--_gs-p-mobile:0 0 0 0;--_gs-bg-mobile:transparent none;--_gs-bg-xp-mobile:0px;--_gs-zi-mobile:auto;--_gs-d-mobile:block;--_gs-mw-mobile:calc(100% - 0 - 0);--_gs-columns:2;--_gs-rows:1\"><div class=\"grids-s-w_i\">\n<div class=\"grids-area\" style=\"--_ga-column:1\/2;--_ga-row:1\/2;--_ga-m-desktop:0 0 0 0;--_ga-p-desktop:0 0 0 0;--_ga-bg-desktop:transparent none;--_ga-zi-desktop:auto;--_ga-d-desktop:flex;--_ga-mw-desktop:calc(100% - 0 - 0);--_ga-m-tablet:0 0 0 0;--_ga-p-tablet:0 0 0 0;--_ga-bg-tablet:transparent none;--_ga-zi-tablet:auto;--_ga-d-tablet:flex;--_ga-mw-tablet:calc(100% - 0 - 0);--_ga-m-mobile:0 0 0 0;--_ga-p-mobile:0 0 0 0;--_ga-bg-mobile:transparent none;--_ga-zi-mobile:auto;--_ga-d-mobile:flex;--_ga-mw-mobile:calc(100% - 0 - 0)\">\n\n<div class=\"wp-block-image\"><figure class=\"alignleft size-large\"><a href=\"https:\/\/www.ardpylab.fr\/?page_id=7004\"><img loading=\"lazy\" decoding=\"async\" width=\"50\" height=\"28\" src=\"https:\/\/www.ardpylab.fr\/wp-content\/uploads\/2020\/03\/moins.jpg\" alt=\"\" class=\"wp-image-107\"\/><\/a><\/figure><\/div>\n\n<\/div>\n\n<div class=\"grids-area\" style=\"--_ga-column:2\/3;--_ga-row:1\/2;--_ga-m-desktop:0 0 0 0;--_ga-p-desktop:0 0 0 0;--_ga-bg-desktop:transparent none;--_ga-zi-desktop:auto;--_ga-d-desktop:flex;--_ga-mw-desktop:calc(100% - 0 - 0);--_ga-m-tablet:0 0 0 0;--_ga-p-tablet:0 0 0 0;--_ga-bg-tablet:transparent none;--_ga-zi-tablet:auto;--_ga-d-tablet:flex;--_ga-mw-tablet:calc(100% - 0 - 0);--_ga-m-mobile:0 0 0 0;--_ga-p-mobile:0 0 0 0;--_ga-bg-mobile:transparent none;--_ga-zi-mobile:auto;--_ga-d-mobile:flex;--_ga-mw-mobile:calc(100% - 0 - 0)\">\n\n<div class=\"wp-block-image\"><figure class=\"alignright size-large\"><a href=\"https:\/\/www.ardpylab.fr\/?page_id=7228\"><img loading=\"lazy\" decoding=\"async\" width=\"50\" height=\"28\" src=\"https:\/\/www.ardpylab.fr\/wp-content\/uploads\/2020\/03\/plus.jpg\" alt=\"\" class=\"wp-image-106\"\/><\/a><\/figure><\/div>\n\n<\/div>\n<\/div><\/div>","protected":false},"excerpt":{"rendered":"<p>&nbsp; La liste des documents de chimie enregistr\u00e9s dans la base de donn\u00e9e du laboratoire de chimie est affich\u00e9e en cliquant sur le bouton &nbsp;de la barre de menu principale de la section \u00ab&nbsp;chimie&nbsp;\u00bb&nbsp;: Fen\u00eatre de gestion des documents de chimie &nbsp; La s\u00e9lection d\u2019un document se fait par un clic sur son nom dans [&hellip;]<\/p>\n","protected":false},"author":1,"featured_media":0,"parent":0,"menu_order":0,"comment_status":"closed","ping_status":"closed","template":"","meta":{"footnotes":""},"class_list":["post-7084","page","type-page","status-publish","hentry"],"_links":{"self":[{"href":"https:\/\/www.ardpylab.fr\/index.php?rest_route=\/wp\/v2\/pages\/7084","targetHints":{"allow":["GET"]}}],"collection":[{"href":"https:\/\/www.ardpylab.fr\/index.php?rest_route=\/wp\/v2\/pages"}],"about":[{"href":"https:\/\/www.ardpylab.fr\/index.php?rest_route=\/wp\/v2\/types\/page"}],"author":[{"embeddable":true,"href":"https:\/\/www.ardpylab.fr\/index.php?rest_route=\/wp\/v2\/users\/1"}],"replies":[{"embeddable":true,"href":"https:\/\/www.ardpylab.fr\/index.php?rest_route=%2Fwp%2Fv2%2Fcomments&post=7084"}],"version-history":[{"count":8,"href":"https:\/\/www.ardpylab.fr\/index.php?rest_route=\/wp\/v2\/pages\/7084\/revisions"}],"predecessor-version":[{"id":7231,"href":"https:\/\/www.ardpylab.fr\/index.php?rest_route=\/wp\/v2\/pages\/7084\/revisions\/7231"}],"wp:attachment":[{"href":"https:\/\/www.ardpylab.fr\/index.php?rest_route=%2Fwp%2Fv2%2Fmedia&parent=7084"}],"curies":[{"name":"wp","href":"https:\/\/api.w.org\/{rel}","templated":true}]}}