{"id":77,"date":"2020-03-20T19:24:11","date_gmt":"2020-03-20T18:24:11","guid":{"rendered":"http:\/\/www.ardpylab.fr\/?page_id=77"},"modified":"2020-05-09T17:38:55","modified_gmt":"2020-05-09T15:38:55","slug":"le-choix-du-microcontroleur","status":"publish","type":"page","link":"https:\/\/www.ardpylab.fr\/?page_id=77","title":{"rendered":"Le choix du microcontr\u00f4leur"},"content":{"rendered":"\n<p>En consid\u00e9rant la facilit\u00e9 d\u2019utilisation, le prix, l\u2019accessibilit\u00e9 du langage et l\u2019abondance des ressources en ligne, dans la plupart des lyc\u00e9es, le choix du microcontr\u00f4leur s\u2019est port\u00e9 vers la famille des cartes <strong>Arduino<\/strong>.<\/p>\n\n\n\n<p>Il existe plusieurs types de cartes Arduino : <\/p>\n\n\n\n<p>&#8211; <strong>Arduino UNO R3<\/strong> (la plus connue et la plus utilis\u00e9e),<\/p>\n\n\n\n<div class=\"wp-block-image\"><figure class=\"aligncenter size-large is-resized\"><img loading=\"lazy\" decoding=\"async\" src=\"https:\/\/www.ardpylab.fr\/wp-content\/uploads\/2020\/03\/image-3.png\" alt=\"\" class=\"wp-image-78\" width=\"272\" height=\"162\"\/><\/figure><\/div>\n\n\n\n<p>&#8211; <strong>Arduino Mega 2560<\/strong> (carte plus grande que l\u2019Arduino UNO, elle comporte plus d\u2019entr\u00e9es et de sorties ainsi qu\u2019une plus grande puissance de calcul),<\/p>\n\n\n\n<div class=\"wp-block-image\"><figure class=\"aligncenter size-large is-resized\"><img loading=\"lazy\" decoding=\"async\" src=\"https:\/\/www.ardpylab.fr\/wp-content\/uploads\/2020\/03\/image-4.png\" alt=\"\" class=\"wp-image-79\" width=\"255\" height=\"124\"\/><\/figure><\/div>\n\n\n\n<p>&#8211; <strong>Arduino Mega ADK<\/strong> (Cette carte est principalement con\u00e7ue pour s\u2019interfacer avec des syst\u00e8mes Android),<\/p>\n\n\n\n<div class=\"wp-block-image\"><figure class=\"aligncenter size-large is-resized\"><img loading=\"lazy\" decoding=\"async\" src=\"https:\/\/www.ardpylab.fr\/wp-content\/uploads\/2020\/03\/image-5.png\" alt=\"\" class=\"wp-image-80\" width=\"273\" height=\"132\"\/><\/figure><\/div>\n\n\n\n<p>&#8211; <strong>Arduino Nano<\/strong> (condens\u00e9 de la carte Arduino UNO R3),<\/p>\n\n\n\n<div class=\"wp-block-image\"><figure class=\"aligncenter size-large is-resized\"><img loading=\"lazy\" decoding=\"async\" src=\"https:\/\/www.ardpylab.fr\/wp-content\/uploads\/2020\/03\/image-6.png\" alt=\"\" class=\"wp-image-81\" width=\"241\" height=\"94\"\/><\/figure><\/div>\n\n\n\n<p>&#8211; <strong>Arduino Mini R5<\/strong> (plus concentr\u00e9 encore que l\u2019Arduino Nano),<\/p>\n\n\n\n<div class=\"wp-block-image\"><figure class=\"aligncenter size-large is-resized\"><img loading=\"lazy\" decoding=\"async\" src=\"https:\/\/www.ardpylab.fr\/wp-content\/uploads\/2020\/03\/image-7.png\" alt=\"\" class=\"wp-image-82\" width=\"162\" height=\"88\"\/><\/figure><\/div>\n\n\n\n<p>&#8211; <strong>Arduino Leonardo<\/strong> (tr\u00e8s semblable \u00e0 l\u2019Arduino Uno mais \u00e9quip\u00e9 d\u2019un&nbsp;processeur <strong>ATMega32U4<\/strong>&nbsp;qui lui permet ainsi d\u2019\u00eatre reconnu par l\u2019ordinateur h\u00f4te comme un p\u00e9riph\u00e9rique USB et de simuler les touches d\u2019un clavier ou un d\u00e9placement de la souris),<\/p>\n\n\n\n<div class=\"wp-block-image\"><figure class=\"aligncenter size-large is-resized\"><img loading=\"lazy\" decoding=\"async\" src=\"https:\/\/www.ardpylab.fr\/wp-content\/uploads\/2020\/03\/image-8.png\" alt=\"\" class=\"wp-image-83\" width=\"238\" height=\"187\"\/><\/figure><\/div>\n\n\n\n<p>&#8211; <strong>Arduino Yun<\/strong> (Cette carte Arduino poss\u00e8de le m\u00eame processeur que l\u2019Arduino Leonardo mais poss\u00e8de une diff\u00e9rence de taille : un module g\u00e9n\u00e9rant un r\u00e9seau wifi, et un syst\u00e8me linux embarqu\u00e9).<\/p>\n\n\n\n<div class=\"wp-block-image\"><figure class=\"aligncenter size-large is-resized\"><img loading=\"lazy\" decoding=\"async\" src=\"https:\/\/www.ardpylab.fr\/wp-content\/uploads\/2020\/03\/image-9.png\" alt=\"\" class=\"wp-image-84\" width=\"221\" height=\"161\"\/><\/figure><\/div>\n\n\n\n<p>&nbsp; &nbsp;&nbsp;<\/p>\n\n\n\n<p>Et comme Arduino est open source, il existe un grand nombre de clones et de platines compatibles&nbsp;:<\/p>\n\n\n<div  class=\"grids-section grids-is-stretch\" style=\"--_gs-gap-desktop:0px 0px;--_gs-m-desktop:0 0 0 0;--_gs-p-desktop:0 0 0 0;--_gs-bg-desktop:transparent none;--_gs-bg-xp-desktop:0px;--_gs-zi-desktop:auto;--_gs-d-desktop:block;--_gs-mw-desktop:calc(100% - 0 - 0);--_gs-gap-tablet:0px 0px;--_gs-m-tablet:0 0 0 0;--_gs-p-tablet:0 0 0 0;--_gs-bg-tablet:transparent none;--_gs-bg-xp-tablet:0px;--_gs-zi-tablet:auto;--_gs-d-tablet:block;--_gs-mw-tablet:calc(100% - 0 - 0);--_gs-gap-mobile:0px 0px;--_gs-m-mobile:0 0 0 0;--_gs-p-mobile:0 0 0 0;--_gs-bg-mobile:transparent none;--_gs-bg-xp-mobile:0px;--_gs-zi-mobile:auto;--_gs-d-mobile:block;--_gs-mw-mobile:calc(100% - 0 - 0);--_gs-columns:2;--_gs-rows:1\"><div class=\"grids-s-w_i\">\n<div class=\"grids-area\" style=\"--_ga-column:1\/2;--_ga-row:1\/2;--_ga-m-desktop:0 0 0 0;--_ga-p-desktop:0 0 0 0;--_ga-bg-desktop:transparent none;--_ga-zi-desktop:auto;--_ga-d-desktop:flex;--_ga-mw-desktop:calc(100% - 0 - 0);--_ga-m-tablet:0 0 0 0;--_ga-p-tablet:0 0 0 0;--_ga-bg-tablet:transparent none;--_ga-zi-tablet:auto;--_ga-d-tablet:flex;--_ga-mw-tablet:calc(100% - 0 - 0);--_ga-m-mobile:0 0 0 0;--_ga-p-mobile:0 0 0 0;--_ga-bg-mobile:transparent none;--_ga-zi-mobile:auto;--_ga-d-mobile:flex;--_ga-mw-mobile:calc(100% - 0 - 0)\">\n\n<div class=\"wp-block-image\"><figure class=\"aligncenter size-large\"><img loading=\"lazy\" decoding=\"async\" width=\"273\" height=\"273\" src=\"https:\/\/www.ardpylab.fr\/wp-content\/uploads\/2020\/03\/image-10.png\" alt=\"\" class=\"wp-image-85\" srcset=\"https:\/\/www.ardpylab.fr\/wp-content\/uploads\/2020\/03\/image-10.png 273w, https:\/\/www.ardpylab.fr\/wp-content\/uploads\/2020\/03\/image-10-150x150.png 150w\" sizes=\"auto, (max-width: 273px) 100vw, 273px\" \/><\/figure><\/div>\n\n<\/div>\n\n<div class=\"grids-area\" style=\"--_ga-column:2\/3;--_ga-row:1\/2;--_ga-m-desktop:0 0 0 0;--_ga-p-desktop:0 0 0 0;--_ga-bg-desktop:transparent none;--_ga-zi-desktop:auto;--_ga-d-desktop:flex;--_ga-mw-desktop:calc(100% - 0 - 0);--_ga-m-tablet:0 0 0 0;--_ga-p-tablet:0 0 0 0;--_ga-bg-tablet:transparent none;--_ga-zi-tablet:auto;--_ga-d-tablet:flex;--_ga-mw-tablet:calc(100% - 0 - 0);--_ga-m-mobile:0 0 0 0;--_ga-p-mobile:0 0 0 0;--_ga-bg-mobile:transparent none;--_ga-zi-mobile:auto;--_ga-d-mobile:flex;--_ga-mw-mobile:calc(100% - 0 - 0)\">\n\n<div class=\"wp-block-image\"><figure class=\"aligncenter size-large\"><img loading=\"lazy\" decoding=\"async\" width=\"272\" height=\"272\" src=\"https:\/\/www.ardpylab.fr\/wp-content\/uploads\/2020\/03\/image-11.png\" alt=\"\" class=\"wp-image-86\" srcset=\"https:\/\/www.ardpylab.fr\/wp-content\/uploads\/2020\/03\/image-11.png 272w, https:\/\/www.ardpylab.fr\/wp-content\/uploads\/2020\/03\/image-11-150x150.png 150w\" sizes=\"auto, (max-width: 272px) 100vw, 272px\" \/><\/figure><\/div>\n\n<\/div>\n<\/div><\/div>\n\n\n<p>Nous allons nous int\u00e9resser plus particuli\u00e8rement \u00e0 la carte <strong>Arduino UNO R3<\/strong> car c\u2019est celle que vous rencontrerez le plus souvent dans les lyc\u00e9es.<\/p>\n\n\n\n<p>\u00a0 \u00a0 \u00a0 \u00a0 \u00a0 \u00a0 \u00a0<\/p>\n\n\n<div  class=\"grids-section grids-is-stretch\" style=\"--_gs-gap-desktop:0px 0px;--_gs-m-desktop:0 0 0 0;--_gs-p-desktop:0 0 0 0;--_gs-bg-desktop:transparent none;--_gs-bg-xp-desktop:0px;--_gs-zi-desktop:auto;--_gs-d-desktop:block;--_gs-mw-desktop:calc(100% - 0 - 0);--_gs-gap-tablet:0px 0px;--_gs-m-tablet:0 0 0 0;--_gs-p-tablet:0 0 0 0;--_gs-bg-tablet:transparent none;--_gs-bg-xp-tablet:0px;--_gs-zi-tablet:auto;--_gs-d-tablet:block;--_gs-mw-tablet:calc(100% - 0 - 0);--_gs-gap-mobile:0px 0px;--_gs-m-mobile:0 0 0 0;--_gs-p-mobile:0 0 0 0;--_gs-bg-mobile:transparent none;--_gs-bg-xp-mobile:0px;--_gs-zi-mobile:auto;--_gs-d-mobile:block;--_gs-mw-mobile:calc(100% - 0 - 0);--_gs-columns:2;--_gs-rows:1\"><div class=\"grids-s-w_i\">\n<div class=\"grids-area\" style=\"--_ga-column:1\/2;--_ga-row:1\/2;--_ga-m-desktop:0 0 0 0;--_ga-p-desktop:0 0 0 0;--_ga-bg-desktop:transparent none;--_ga-zi-desktop:auto;--_ga-d-desktop:flex;--_ga-mw-desktop:calc(100% - 0 - 0);--_ga-m-tablet:0 0 0 0;--_ga-p-tablet:0 0 0 0;--_ga-bg-tablet:transparent none;--_ga-zi-tablet:auto;--_ga-d-tablet:flex;--_ga-mw-tablet:calc(100% - 0 - 0);--_ga-m-mobile:0 0 0 0;--_ga-p-mobile:0 0 0 0;--_ga-bg-mobile:transparent none;--_ga-zi-mobile:auto;--_ga-d-mobile:flex;--_ga-mw-mobile:calc(100% - 0 - 0)\">\n\n<div class=\"wp-block-image\"><figure class=\"alignleft size-large\"><a href=\"https:\/\/www.ardpylab.fr\/?page_id=69\"><img loading=\"lazy\" decoding=\"async\" width=\"50\" height=\"28\" src=\"https:\/\/www.ardpylab.fr\/wp-content\/uploads\/2020\/03\/moins.jpg\" alt=\"\" class=\"wp-image-107\"\/><\/a><\/figure><\/div>\n\n<\/div>\n\n<div class=\"grids-area\" style=\"--_ga-column:2\/3;--_ga-row:1\/2;--_ga-m-desktop:0 0 0 0;--_ga-p-desktop:0 0 0 0;--_ga-bg-desktop:transparent none;--_ga-zi-desktop:auto;--_ga-d-desktop:flex;--_ga-mw-desktop:calc(100% - 0 - 0);--_ga-m-tablet:0 0 0 0;--_ga-p-tablet:0 0 0 0;--_ga-bg-tablet:transparent none;--_ga-zi-tablet:auto;--_ga-d-tablet:flex;--_ga-mw-tablet:calc(100% - 0 - 0);--_ga-m-mobile:0 0 0 0;--_ga-p-mobile:0 0 0 0;--_ga-bg-mobile:transparent none;--_ga-zi-mobile:auto;--_ga-d-mobile:flex;--_ga-mw-mobile:calc(100% - 0 - 0)\">\n\n<div class=\"wp-block-image\"><figure class=\"alignright size-large\"><a href=\"https:\/\/www.ardpylab.fr\/?page_id=94\"><img loading=\"lazy\" decoding=\"async\" width=\"50\" height=\"28\" src=\"https:\/\/www.ardpylab.fr\/wp-content\/uploads\/2020\/03\/plus.jpg\" alt=\"\" class=\"wp-image-106\"\/><\/a><\/figure><\/div>\n\n<\/div>\n<\/div><\/div>\n\n\n\n","protected":false},"excerpt":{"rendered":"<p>En consid\u00e9rant la facilit\u00e9 d\u2019utilisation, le prix, l\u2019accessibilit\u00e9 du langage et l\u2019abondance des ressources en ligne, dans la plupart des lyc\u00e9es, le choix du microcontr\u00f4leur s\u2019est port\u00e9 vers la famille des cartes Arduino. Il existe plusieurs types de cartes Arduino : &#8211; Arduino UNO R3 (la plus connue et la plus utilis\u00e9e), &#8211; Arduino Mega [&hellip;]<\/p>\n","protected":false},"author":1,"featured_media":0,"parent":0,"menu_order":0,"comment_status":"closed","ping_status":"closed","template":"","meta":{"footnotes":""},"class_list":["post-77","page","type-page","status-publish","hentry"],"_links":{"self":[{"href":"https:\/\/www.ardpylab.fr\/index.php?rest_route=\/wp\/v2\/pages\/77","targetHints":{"allow":["GET"]}}],"collection":[{"href":"https:\/\/www.ardpylab.fr\/index.php?rest_route=\/wp\/v2\/pages"}],"about":[{"href":"https:\/\/www.ardpylab.fr\/index.php?rest_route=\/wp\/v2\/types\/page"}],"author":[{"embeddable":true,"href":"https:\/\/www.ardpylab.fr\/index.php?rest_route=\/wp\/v2\/users\/1"}],"replies":[{"embeddable":true,"href":"https:\/\/www.ardpylab.fr\/index.php?rest_route=%2Fwp%2Fv2%2Fcomments&post=77"}],"version-history":[{"count":0,"href":"https:\/\/www.ardpylab.fr\/index.php?rest_route=\/wp\/v2\/pages\/77\/revisions"}],"wp:attachment":[{"href":"https:\/\/www.ardpylab.fr\/index.php?rest_route=%2Fwp%2Fv2%2Fmedia&parent=77"}],"curies":[{"name":"wp","href":"https:\/\/api.w.org\/{rel}","templated":true}]}}